 - 4*g(p). What is the units digit of k(-7)?
8
Let r(g) = -g - 13. Let d be r(-7). What is the units digit of (-6)/(-2)*(-124)/d?
2
Suppose 5*d + 5 = 5*i, -3*i = -i - d - 4. Suppose -4 = -i*x + 2. Suppose x*h = 6 + 36. What is the units digit of h?
1
Let h = 8 + -5. Suppose 3*g - 20 = 5*f + 19, -h*f = -9. Let x = g - -6. What is the tens digit of x?
2
Suppose 2*b - 5*j - 1613 = 0, -4*j + 787 = b - 0*j. What is the tens digit of b?
9
Let i = 13 + -18. Let g = -4 - i. Let o(m) = 30*m + 1. What is the units digit of o(g)?
1
Let q(l) = l**2 - 10*l - 15. Let o be q(11). Let s = 50 + -32. What is the units digit of (-1498)/(-63) - o/s?
4
Let k(o) = o - 2. Let n(p) = -2*p**2 - 5*p + 1. Let q be n(-3). Let f be k(q). Let h(t) = -2*t**3 - 6*t**2 - 4*t - 2. What is the units digit of h(f)?
6
Let s be -3*-22*3/9. Suppose -4*q + f = 6*f - 26, 4*q + 3*f = s. What is the units digit of (-32)/(-24)*(q + -1)?
4
Suppose 4*s = 19 + 5. Suppose b - 3*b + s = 0. Suppose b*v = 40 + 23. What is the units digit of v?
1
Let t = 1549 + -402. What is the units digit of t?
7
Let y = -211 - -126. Let b = y + 152. Suppose 2*u - b = -3*p, -5*p = -0*p - 3*u - 118. What is the units digit of p?
3
Let n(c) = -6*c - 24. Let j be n(-10). Suppose -8*o = -6*o - j. What is the tens digit of o?
1
Suppose -3*j + j = 66. What is the units digit of 3*5*j/(-9)?
5
Let k(q) = -2*q + 3. Let d be k(-5). Let y(a) = 42 + 5*a - 5*a + a - d. What is the tens digit of y(-17)?
1
Suppose 5*n - 4*f = 4585, 3*n - 2719 = 12*f - 16*f. What is the tens digit of n?
1
Suppose -25*m = -24*m - 123. What is the units digit of m?
3
Suppose -8 = 2*t, -4*j - t - 3*t = -104. Suppose 5*m - y = 30, 5 = 3*m - 4*y - j. Suppose m*u + 3 = 33. What is the units digit of u?
6
Let f = 1458 - 930. What is the hundreds digit of f?
5
Suppose 5*k - 2944 + 69 = 0. What is the tens digit of k?
7
Let y(s) = s**3 + 26*s**2 - s + 2. Let g be y(-26). Suppose 4*w = -5*k + 202, -2*w + 13 + 97 = -2*k. Let z = w - g. What is the units digit of z?
5
Suppose -2*d + 431 = -55. Let s = -123 + d. What is the hundreds digit of s?
1
Let b(v) = -7*v**3 - 12*v**2 - 21*v + 14. What is the thousands digit of b(-7)?
1
Let a be (-1 + 0)*(-10 + -2). Let t(v) = -v**3 - 6*v**2 + 14*v + 25. Let h be t(-8). Suppose a = -d + h. What is the tens digit of d?
2
Let o = 66 + -96. Let q = -27 - o. What is the units digit of q?
3
Let s be (-1)/3 + 16/3. Suppose 6*b = 27 + 237. Suppose -2*m = -y - 19 - b, s*m - 4*y = 159. What is the units digit of m?
1
Let v(u) = -1718*u + 2. What is the tens digit of v(-1)?
2
Let f(x) = 109*x**2 + 12*x - 54. What is the units digit of f(4)?
8
Suppose 1 = -h + 4. Suppose h*k - 369 = b, b + 0*b + 125 = k. What is the hundreds digit of k?
1
What is the tens digit of (-3 + -182)*(-30)/25?
2
Let k(w) = -26*w - 1. Let h be k(-1). Let g be (15/h)/(1/30). What is the tens digit of 4/g - 7658/(-126)?
6
Suppose 0 = 5*c + 18 - 3. Let m be ((-12)/4)/(c/31). What is the tens digit of m + (8/(-2))/(-2)?
3
Suppose -76 = 5*r - 5*o - 441, -3*r + 211 = -o. Suppose -4*t - r = -5*t. What is the tens digit of t?
6
Let a be 2/(-13) - 804/(-156). Suppose -3*n + 26 = a*m - 40, -110 = -5*n + 3*m. What is the tens digit of n?
2
Let o = 38 + -3. What is the tens digit of o?
3
Suppose 18 = 6*g - 4*g. Suppose 7*d + 182 = g*d. What is the tens digit of d?
9
Suppose 4*k + 19 = -29. Let q = k + 14. Suppose -2*d = 2*t + 3*t - 50, -36 = -q*t - 4*d. What is the units digit of t?
8
Suppose 5*m + 4*j - 15 - 153 = 0, 4*j = -3*m + 96. What is the tens digit of m?
3
Let o(y) = 39*y**2 - 8*y - 3. What is the hundreds digit of o(-2)?
1
Let w(r) = -r**2 - 6*r + 1. Let t be w(-3). Suppose -t*h = -h - 18. What is the units digit of h?
2
Let p be -3 - (2842/7)/(-7). Let y(o) = -3*o**2 + 6*o + 6. Let z be y(5). Let m = z + p. What is the tens digit of m?
1
Suppose -i = -4*i + 315. Suppose 2*b - 98 = -2*h + 16, 4*b = -4. Suppose h = 5*y - j - i, -4*y + 5*j = -122. What is the units digit of y?
3
Let t be 0*(0 - (0 - -1)). Suppose -n = 3*j - 190, 3*n + t*n + 134 = 2*j. What is the units digit of j?
4
Let m = -1044 - -1648. What is the hundreds digit of m?
6
Suppose 5*n - 42 = -12. Suppose 20 = -n*l - 130. What is the units digit of (-3)/(-6)*-2*l?
5
Let j(z) = z**3 - 8*z**2 + 9*z + 1. Let c be j(7). Let r(b) = 7*b - 24. What is the units digit of r(c)?
1
Let z be 291/33 + -1 - (-4)/22. Let m(c) = 63*c**2 + 2*c + 1. Let n be m(-1). Let w = n - z. What is the tens digit of w?
5
Let z(i) be the third derivative of 5*i**4/24 - 10*i**2. Let n be z(-8). What is the units digit of 9/((-36)/n) - 0?
0
Let c(d) be the third derivative of -d**4/6 + d**3/6 - 7*d**2. Let z be c(-1). Suppose -g = 4*g + 3*l - 43, -z*g + 38 = -2*l. What is the units digit of g?
8
Suppose 3*t + 2*s = 2, 2*s + 2*s - 2 = -5*t. What is the tens digit of 0 + (0 - (-178)/t)?
8
Suppose -6 = -u - 2*u. Suppose -c = -u*c + 14. Let i = c - -5. What is the tens digit of i?
1
Suppose -18 = -d - 2. Let g = d - 12. What is the units digit of g + -3 + 5 + -3?
3
Let i(c) = -189*c + 160. What is the units digit of i(-10)?
0
Let b(v) = -2*v + 3. Let x be b(2). Suppose -2*j = 1 + 25. Let y = x - j. What is the units digit of y?
2
What is the hundreds digit of (-3)/3 + (-293)/(-1)?
2
Let v(k) = k**2 + 2*k - 1. Let s be v(-3). Suppose -3*u + 1 = b, -2 = s*u - 3*b - 21. What is the units digit of -9*u/(-3)*2?
2
Let o = 5 - -2. Let j(v) = 15*v - 6. What is the units digit of j(o)?
9
Let s(p) = -p**3 - 9*p**2 - 5*p + 5. Let l(i) = 3*i**3 + 26*i**2 + 14*i - 14. Let y(q) = 3*l(q) + 8*s(q). Let a be 2/3*(-30)/4. What is the units digit of y(a)?
3
Let v = -817 - -5004. What is the units digit of v?
7
Let a(i) = i**3 - 16*i**2 + 12*i + 13. What is the units digit of a(16)?
5
Suppose 63*q - 60*q - 3 = 0. Suppose -5*n = -3*n - 12. What is the units digit of q + (-4)/n*-3?
3
Let t(d) = -d**2 - 9*d - 15. Suppose 0 = -4*g - u - 31, -u - 2*u + 19 = -4*g. Let i be t(g). What is the units digit of 31 + i + -2 + 0?
8
Let j = 55 + -50. What is the units digit of 123 + -1 - (-3 + j)*-1?
4
Suppose 6*n - 42 = -12. Suppose 0 = 2*t + n*t - 119. Suppose 47 = 4*b - t. What is the tens digit of b?
1
Suppose 2*s + 15 - 59 = -t, -4*t = -5*s + 97. Suppose a - s = -2. Let h = a + -12. What is the units digit of h?
7
Suppose -3*j = -10698 - 1527. What is the units digit of j?
5
What is the units digit of (38 - 37)*(-1341)/(-3)?
7
Suppose 3*j + 5*a = 4969, 5941 + 679 = 4*j + 4*a. What is the hundreds digit of j?
6
Let a(y) = 23*y**3 - 3*y - 2. Let b be a(-1). Let o = -85 + 49. Let t = b - o. What is the units digit of t?
4
Let q be (1/(-2))/(-1)*264. Suppose -5*t = -4*n - 14, t + 2*n = 14 - 0. What is the units digit of 9/t*q/9?
2
Suppose -8*l = 27 + 13. What is the tens digit of (1 + l - -5)*38?
3
Suppose 4834 = 12*x - 9062. What is the hundreds digit of x?
1
Let h(d) be the second derivative of 29*d**5/10 + d**4/12 + d**3/2 - 3*d**2/2 - 14*d. What is the units digit of h(1)?
9
Suppose 0 = 3*c - 13*c + 680. Suppose -c*m + 64*m = -1008. What is the hundreds digit of m?
2
What is the thousands digit of 1345 - (-1 - ((-2 - -3) + -4))?
1
Let y be 6*41/((-4)/4). Let m = -165 - y. What is the units digit of m?
1
Let h(x) = -x**2 - 14*x - 13. Let o be (26 - -4) + (-4)/2. Suppose 4*r = -o - 12. What is the units digit of h(r)?
7
Suppose s - 11*m = -6*m + 62, 4*m = -s + 107. What is the units digit of s?
7
Let w = 602 + -294. What is the tens digit of w?
0
Let i = -20 - -8. Let h be (-129)/(-12) - 3/i. Let b = -6 + h. What is the units digit of b?
5
What is the hundreds digit of (-129)/(-2)*(-320)/(-30)?
6
Let t = -39 - -39. What is the units digit of 316/(-8)*(-2 + t)?
9
Suppose -7*a + 749 = -1309. What is the units digit of a?
4
Let t = -34 + 46. What is the tens digit of (-254)/8*(4 - t)?
5
Let z(g) = 12*g + 7 - 9*g + 20*g. What is the tens digit of z(7)?
6
Suppose -2*b - i = -6*i - 32, 32 = 2*b + i. Let p = 10 - b. What is the units digit of (p - 0)/((-27)/36)?
8
What is the tens digit of ((-94540)/(-36))/5 - 12/54?
2
Suppose 9 = 5*v - 11. Suppose -5*x = -v*f - 620, 185 = 2*x + 5*f - 96. What is the tens digit of x?
2
Let u be (-2)/((-1)/(330/(-4))). What is the tens digit of 1756/22 - 30/u?
8
Let o(p) = -28*p**3 + 2*p**2 + 8*p + 11. What is the units digi